7. Let y be v(-13). Suppose 5*c + 2*z = -0*c - 598, -355 = 3*c + 5*z. Let i = c + y. List the prime factors of i.
3, 5, 13
Suppose -2*g = -5*k + 215, -k + 2*k + 5*g - 16 = 0. Suppose -39*t + 40 = -k*t. Let x = 30 + t. List the prime factors of x.
2, 5
Let s be (-6 - -7)*1*3. Suppose 1051 = s*p - 1673. List the prime factors of p.
2, 227
Suppose 108*m = 150*m - 1108968. What are the prime factors of m?
2, 7, 23, 41
Suppose 55*j - 224172 - 142678 = 0. List the prime factors of j.
2, 5, 23, 29
Suppose -172 - 218 = 2*o. Suppose 4*k = -0*h - 2*h - 322, -2*k + 2*h - 146 = 0. Let i = k - o. What are the prime factors of i?
3, 13
Let y = 3 + -1. Let m be (y - 4)*((-21)/6 + 1). Suppose 0 = -3*t - 4*u + 281, -183 = -3*t - m*u + 94. What are the prime factors of t?
3, 11
Let f = 60 + -58. Suppose -12*v + 13*v - f = 0. What are the prime factors of -53*-3*v/6?
53
Let x(y) = 2*y + 1. Let w be x(1). Suppose 0 = -w*p + 694 + 188. Suppose 3*c + p = 10*c. What are the prime factors of c?
2, 3, 7
Let b(m) = 38*m**2 - m. Let w(s) = s**2 + 9*s. Let h be w(-9). Suppose 0*v = v + 5, h = 4*a + 2*v + 14. List the prime factors of b(a).
3, 13
Suppose l + 2*k + 8 = 0, 3*k = 4*l + 8 - 31. Suppose -4*p + 1668 = 4*o + 12, 5*o - l*p - 2077 = 0. List the prime factors of o.
5, 83
Let g(w) = 54*w**2 + 2*w - 1. Suppose 8 = 33*r - 58. What are the prime factors of g(r)?
3, 73
Let n = 307 - 303. What are the prime factors of (-2 - (n + -6)) + 88?
2, 11
Suppose 5*i = 4*g + 17818 + 4090, -i - 10940 = 2*g. Let y be (2/4)/(9/g). What are the prime factors of (y/(-12))/((-6)/(-27))?
2, 3, 19
What are the prime factors of 105*((-1293)/15)/((99/18)/(-11))?
2, 3, 7, 431
Suppose -2511015 = -39*p + 414999. What are the prime factors of p?
2, 7, 23, 233
Let u = -145 + 867. Suppose 0 = -6*q + u + 2476. What are the prime factors of q?
13, 41
Let u = 78 + 162. Let v(b) = -7*b**2 + 97*b - 372. Let k be v(4). Let z = k + u. What are the prime factors of z?
2, 3
Suppose 3*i - 2*x = 5*i - 740, 2*x = -4. Let y(o) = 82*o + 11. Let m be y(3). Let j = i - m. What are the prime factors of j?
5, 23
Let d = 21500 - 21502. Let x be ((-8)/6)/((-3)/63). Let p = x + d. List the prime factors of p.
2, 13
Let v = 1460 - -3308. What are the prime factors of v?
2, 149
Suppose -n + 2*c = 8, -n - 4*c = 1 - 23. List the prime factors of -1 + (-2)/n*(-8 - 542).
3, 61
Suppose -6*k + 11*k = 50. Let x(c) = 22*c - 5. Let f be x(k). Suppose 4*d - 4*a = 292, -3*d + a + 0*a + f = 0. What are the prime factors of d?
71
Let i be (6/6 + -1)*2/(-4). Suppose -5*o - 5*v + 2670 = i, 2271 = 5*o - 2*v - 392. Suppose -o = -2*c - 5*t, -c - 6*t + 5*t = -271. List the prime factors of c.
2, 137
Suppose -364 = 6*s - 4540. Suppose 184*y - 176*y - s = 0. List the prime factors of y.
3, 29
Suppose -4*t + 4074 = -2*f, 6*t + 9*t - 15249 = -2*f. List the prime factors of t.
3, 113
Suppose m = 4 - 2. Let b be m*(2/(-12) + 393/9). Suppose -3*d - b = -n, 2*n - d - 178 = d. What are the prime factors of n?
2, 3, 5
Suppose a - 137 = 6*f - 2*f, 2*f + 3*a = -65. Let v = 2345 + -2361. Let q = v - f. List the prime factors of q.
2, 3
Let b(p) = 22*p**2 - 21*p + 70. Let w be 2/8 - 120/(-32). What are the prime factors of b(w)?
2, 13
Let d = -203 + 205. Suppose -5*k - 994 = -3*w, -338 = -d*w + w + 5*k. List the prime factors of w.
2, 41
Let w be 3/(6/56)*80/(-160). List the prime factors of ((-74151)/w)/11*2.
3, 107
Let o(a) = -13*a - 50. Let d be o(16). Let r = d + 414. What are the prime factors of r?
2, 3, 13
Suppose -2*k - k + 15 = 0. Suppose k*j = 2*b + 2872, j + b - 578 = 5*b. What are the prime factors of j?
2, 7, 41
Suppose 145701 = -61*w + 625710. List the prime factors of w.
3, 43, 61
Let o(g) = -1825*g**3 + 149*g**2 - 6*g - 13. List the prime factors of o(-3).
223, 227
Suppose 4*n - 1212 = 14*z - 10*z, n + 4*z - 278 = 0. Let b = 408 - n. What are the prime factors of b?
2, 5, 11
Suppose -2*r = -108 + 34. Let q = r - 27. Suppose 4*l - 27 = -3*c, -2*c - q = -3*l - 28. List the prime factors of c.
3
Let o(b) be the third derivative of -57*b**4/8 + 13*b**2 - 2*b. What are the prime factors of o(-2)?
2, 3, 19
List the prime factors of (-3)/(-25 + 37) - (-558267)/12.
2, 7, 3323
Let a(r) = -2*r**3 - 33*r**2 - 15*r + 21. Let y be a(-16). Let w(p) = 24*p - 25. List the prime factors of w(y).
5, 19
Let w(p) be the second derivative of 91*p**5/20 + p**4/4 - 2*p**3/3 + 3*p**2 - 176*p. What are the prime factors of w(2)?
2, 3, 41
Suppose n = -4*n + 790. Let k = -2 + n. Suppose 3*b - b - f = k, 8 = -2*f. What are the prime factors of b?
2, 19
Suppose -52604 = -3*n + 2*a - 4217, 16133 = n - 2*a. List the prime factors of n.
16127
Let w(s) = -s**3 - 5*s**2 + 11*s - 1. Let k be w(-7). Suppose 0 = -4*h + k + 4. Suppose -2 - 82 = -h*x. What are the prime factors of x?
2, 7
Let o = 24083 + 16265. List the prime factors of o.
2, 7, 11, 131
Let p = 12515 - 3. List the prime factors of p.
2, 17, 23
Let g be (280/(-6))/(2*2/(-12)). Let i = g - 64. List the prime factors of i.
2, 19
Let q = -42 - -42. Let y(o) = o**2 - o - 52. Let u be y(q). Let d = 73 + u. List the prime factors of d.
3, 7
Suppose 3*c + 2*m + 0*m = 10, 0 = -5*c + 4*m + 2. Suppose 2*a + 20 = c. Let y(w) = w**3 + 11*w**2 + 2*w - 21. What are the prime factors of y(a)?
3, 41
Suppose -59*c + 54*c = -f + 33278, -2*c = -11*f + 366058. List the prime factors of f.
2, 7, 2377
Let l be 4 + -3 + 354 + -4. Suppose -5*k - l = 564. Let u = -77 - k. What are the prime factors of u?
2, 53
Let a be ((-2)/(-1))/((-34)/(-51)). Suppose a*j + 2*j - 15 = 0. List the prime factors of 119*1 - (9/3)/j.
2, 59
List the prime factors of 4051*4 - (-399 - -404).
97, 167
Suppose -7847 - 66428 = -5*m. What are the prime factors of m?
5, 2971
Let c(l) = 32*l + 78. Let u = -23 + 28. What are the prime factors of c(u)?
2, 7, 17
Suppose -12*w = -8*w - 4*x - 18456, 0 = -w - 5*x + 4602. List the prime factors of w.
2, 1153
Suppose 3*y + 20 = -y, y - 347 = -2*a. Suppose -20 = -4*g, -2*c + 3*g = -c - a. List the prime factors of c.
191
Let w(a) = 6 - 10*a + a + 0*a + 27. Let t(j) = j**2 + 18*j + 63. Let r be t(-12). What are the prime factors of w(r)?
2, 3, 19
Suppose 45113 = 5*p + 3*x, -p = -2*x - 5599 - 3421. List the prime factors of p.
2, 13, 347
Suppose 0 = -5*l - 11 + 21. Suppose 395 = l*t - 733. List the prime factors of t.
2, 3, 47
Let u(r) = r**2 - 15*r + 18. Let v be u(15). Suppose -3*m + v = -12*m. List the prime factors of (9 - (-2)/m)*(-1 + 2).
2
Suppose -2*z - 5*b - 12 = 0, 5*b = -7*z + 2*z. List the prime factors of 229 + z/2 + -5.
2, 113
Let d be (2 - -5) + 793/13. Let k = d + 544. List the prime factors of k.
2, 3, 17
Let o = -2874 - -12492. What are the prime factors of o?
2, 3, 7, 229
Let t be -5*(((-864)/30)/(-4))/(-1). Let u(p) = 36*p - 324. List the prime factors of u(t).
2, 3
Let k be ((-25551)/(-34))/((-3)/(-6) - 0). Let v = -1068 + k. List the prime factors of v.
3, 5, 29
Let w be ((-4)/(-3))/(1/6). Let q(k) = -4*k + 2 + 1 - 7*k**2 + k**3 + 0. What are the prime factors of q(w)?
5, 7
Let j = -23294 - -58172. What are the prime factors of j?
2, 3, 5813
Suppose -18*a + j = -22*a + 71679, -3*j = a - 17939. What are the prime factors of a?
2, 17, 31
Let y(x) = -x**3 - 15*x**2 + 14. Let f be y(-15). Suppose 0 = 4*d - 3*d + f. Let l = d + 77. List the prime factors of l.
3, 7
Let o(n) = -43*n**3 - 4*n**2 - 25*n + 24. List the prime factors of o(-6).
2, 3, 1553
Suppose -5*y + 129 = s, y = 4*s - 591 + 12. Suppose s = -6*t + 3*t. Let q = t - -58. List the prime factors of q.
2, 5
Suppose 17*b + 2856 = -11*b. What are the prime factors of b/(-153) + 2614/3?
2, 109
Suppose -2*n - 2*u + 4 = -6, -5*n + 4*u + 25 = 0. Let j be -10 + 10 - -1*2. Suppose n*s - 516 = j*s. What are the prime factors of s?
2, 43
What are the prime factors of 2 + (-160)/85 + ((-4963920)/(-85))/8?
2, 5, 73
Let g(z) = z**2 - 8*z + 4. Let j be g(10). Let f(o) = -o**2 + 64*o + 81. What are the prime factors of f(j)?
3, 347
Suppose 6*h - 50 - 214 = 0. Let y(d) = -2*d**2 + d**2 - 1 + 54*d - h*d. List the prime factors of y(7).
2, 5
Let k be ((-482)/(-3))/((374/(-33))/(-17)). Let p = k - 121. What are the prime factors of p?
2, 3, 5
Suppose -93849 = -47*c + 176307. List the prime factors of c.
2, 3, 479
Let b be 154/(-98) - 6/14. Let l be 2951/26 + b